{"id":7,"date":"2025-07-14T15:24:32","date_gmt":"2025-07-14T15:24:32","guid":{"rendered":"https:\/\/pilottrader.com.br\/?page_id=7"},"modified":"2025-07-14T15:41:12","modified_gmt":"2025-07-14T15:41:12","slug":"home-start","status":"publish","type":"page","link":"https:\/\/pilottrader.com.br\/","title":{"rendered":"Home start"},"content":{"rendered":"\t\t<div data-elementor-type=\"wp-page\" data-elementor-id=\"7\" class=\"elementor elementor-7\">\n\t\t\t\t<div class=\"elementor-element elementor-element-5253117 e-flex e-con-boxed e-con e-parent\" data-id=\"5253117\" data-element_type=\"container\">\n\t\t\t\t\t<div class=\"e-con-inner\">\n\t\t<div class=\"elementor-element elementor-element-054ce6e e-con-full e-flex e-con e-child\" data-id=\"054ce6e\" data-element_type=\"container\">\n\t\t\t\t<div class=\"elementor-element elementor-element-a90de02 elementor-widget elementor-widget-image\" data-id=\"a90de02\" data-element_type=\"widget\" data-widget_type=\"image.default\">\n\t\t\t\t\t\t\t\t\t\t\t\t\t\t\t<img fetchpriority=\"high\" decoding=\"async\" width=\"800\" height=\"534\" src=\"https:\/\/pilottrader.com.br\/wp-content\/uploads\/2025\/07\/heli2-1024x683.jpg\" class=\"attachment-large size-large wp-image-14\" alt=\"\" srcset=\"https:\/\/pilottrader.com.br\/wp-content\/uploads\/2025\/07\/heli2-1024x683.jpg 1024w, https:\/\/pilottrader.com.br\/wp-content\/uploads\/2025\/07\/heli2-300x200.jpg 300w, https:\/\/pilottrader.com.br\/wp-content\/uploads\/2025\/07\/heli2-768x512.jpg 768w, https:\/\/pilottrader.com.br\/wp-content\/uploads\/2025\/07\/heli2.jpg 1536w\" sizes=\"(max-width: 800px) 100vw, 800px\" \/>\t\t\t\t\t\t\t\t\t\t\t\t\t\t\t<\/div>\n\t\t\t\t<\/div>\n\t\t<div class=\"elementor-element elementor-element-92ac718 e-con-full e-flex e-con e-child\" data-id=\"92ac718\" data-element_type=\"container\">\n\t\t<div class=\"elementor-element elementor-element-f42fa2c e-con-full e-flex e-con e-child\" data-id=\"f42fa2c\" data-element_type=\"container\">\n\t\t\t\t<div class=\"elementor-element elementor-element-0e5cda2 elementor-widget elementor-widget-heading\" data-id=\"0e5cda2\" data-element_type=\"widget\" data-widget_type=\"heading.default\">\n\t\t\t\t\t<h2 class=\"elementor-heading-title elementor-size-default\">Pilot Trader<\/h2>\t\t\t\t<\/div>\n\t\t\t\t<\/div>\n\t\t<div class=\"elementor-element elementor-element-a5794b8 e-con-full e-flex e-con e-child\" data-id=\"a5794b8\" data-element_type=\"container\">\n\t\t\t\t<div class=\"elementor-element elementor-element-342e479 elementor-widget elementor-widget-text-editor\" data-id=\"342e479\" data-element_type=\"widget\" data-widget_type=\"text-editor.default\">\n\t\t\t\t\t\t\t\t\t<p>Ol\u00e1 Trader , Pilotar vai al\u00e9m de voar , ajudamos voc\u00ea a aproveitar suas estrat\u00e9gias em um Novo rumo \u00e0 sua liberdade financeira com nossas\u00a0ferramentas\u00a0!<\/p>\t\t\t\t\t\t\t\t<\/div>\n\t\t\t\t<\/div>\n\t\t\t\t<\/div>\n\t\t\t\t\t<\/div>\n\t\t\t\t<\/div>\n\t\t\t\t<\/div>\n\t\t","protected":false},"excerpt":{"rendered":"<p>Pilot Trader Ol\u00e1 Trader , Pilotar vai al\u00e9m de voar , ajudamos voc\u00ea a aproveitar suas estrat\u00e9gias em um Novo rumo \u00e0 sua liberdade financeira com nossas\u00a0ferramentas\u00a0!<\/p>\n","protected":false},"author":1,"featured_media":0,"parent":0,"menu_order":0,"comment_status":"closed","ping_status":"closed","template":"elementor_canvas","meta":{"footnotes":""},"class_list":["post-7","page","type-page","status-publish","hentry"],"_links":{"self":[{"href":"https:\/\/pilottrader.com.br\/index.php\/wp-json\/wp\/v2\/pages\/7","targetHints":{"allow":["GET"]}}],"collection":[{"href":"https:\/\/pilottrader.com.br\/index.php\/wp-json\/wp\/v2\/pages"}],"about":[{"href":"https:\/\/pilottrader.com.br\/index.php\/wp-json\/wp\/v2\/types\/page"}],"author":[{"embeddable":true,"href":"https:\/\/pilottrader.com.br\/index.php\/wp-json\/wp\/v2\/users\/1"}],"replies":[{"embeddable":true,"href":"https:\/\/pilottrader.com.br\/index.php\/wp-json\/wp\/v2\/comments?post=7"}],"version-history":[{"count":4,"href":"https:\/\/pilottrader.com.br\/index.php\/wp-json\/wp\/v2\/pages\/7\/revisions"}],"predecessor-version":[{"id":17,"href":"https:\/\/pilottrader.com.br\/index.php\/wp-json\/wp\/v2\/pages\/7\/revisions\/17"}],"wp:attachment":[{"href":"https:\/\/pilottrader.com.br\/index.php\/wp-json\/wp\/v2\/media?parent=7"}],"curies":[{"name":"wp","href":"https:\/\/api.w.org\/{rel}","templated":true}]}}